 64/(-12) + 4/(-6). Let g be ((-5)/2)/(1/w). Let n = g + -8. What is the units digit of n?
7
Suppose 0 = 14*g - 22*g + 104. What is the tens digit of g?
1
Let h(g) = -g**3 - 5*g**2 - 6*g - 3. Let j be h(-4). Let t be 4/10 - 52/(-20). Suppose j*w - 4 - 6 = i, 4*w = -t*i + 27. What is the units digit of w?
3
Suppose 4*u - 371 + 27 = 0. What is the units digit of u?
6
Let k(g) = g**2 + 3*g - 5. What is the units digit of k(-6)?
3
Suppose 3*d + 5*v - 100 = 0, 0*d + 2*d = -v + 69. What is the tens digit of d?
3
Let k be (-1)/(-3) + (-24)/(-9). What is the tens digit of -35*(-2)/6*k?
3
Let s be 0/(-2) + (-2 - -2). Suppose -3*q + 4*g - 51 = 0, -3*q - 4*g + g - 72 = s. Let k = q - -33. What is the units digit of k?
2
Suppose 0*y - 3 = -y. Suppose -7*m = -2*m - 2*f - 27, 5*f = -y*m + 10. Suppose -j = -3*w - 7, -m*j = -0*j + 4*w - 73. What is the tens digit of j?
1
Suppose -2*t = t. Suppose -2*f - 2*l = -68, 2*f - l + 4*l - 63 = t. What is the units digit of f?
9
Let q(n) be the second derivative of -n**4/12 - n**3 + 2*n**2 - 3*n. What is the units digit of q(-6)?
4
Let c(q) = -q**2 + 12*q + 16. Let l be (-870)/(-75) + 3/(-5). What is the tens digit of c(l)?
2
Suppose 2*c - 33 = -5*m - 8, c = m - 5. Let u(d) = -d + 15. What is the tens digit of u(c)?
1
Let q be 138/30 - (-3)/(-5). Suppose 0 = -q*z + z + 84. Suppose -r - 3*r + z = 0. What is the units digit of r?
7
Let v(f) = f**2 + 10*f + 2. Let i be v(-9). Let d(r) = r + 1. Let t(y) = -7*y. Let k(m) = 5*d(m) + t(m). What is the tens digit of k(i)?
1
Let c(i) = i**2 - 7*i + 12. Let t be c(5). What is the tens digit of 21/((-3)/(-6)*t)?
2
Let m = -7 - -15. Let a = m + -18. What is the units digit of 2/a + (-21)/(-5)?
4
What is the tens digit of 8*1/2 + -5 + 52?
5
Let j = 189 + -86. What is the tens digit of j?
0
Let h = -9 + 6. Suppose 2*y - y = -3. What is the units digit of (0 + h)/y - -6?
7
Suppose 0 = -u + 1 - 3. What is the units digit of (-2 + (-3)/u)*-36?
8
Let a be (-5 + 3)*1/(-2). What is the units digit of (2 - 3) + a*2?
1
Let w(q) = -q + 7. Let m be w(4). Suppose 15 = m*f - 12. What is the units digit of f?
9
Suppose -4*r = 3 - 11. Let j(x) be the third derivative of x**4/6 + x**3/3 + 7*x**2. What is the tens digit of j(r)?
1
Suppose 3*s - 190 = 95. What is the tens digit of s?
9
Let o(b) = 5*b + 7*b - 15*b - 7. What is the tens digit of o(-6)?
1
What is the tens digit of 1 + 20/(-12) - (-520)/6?
8
Let q = 26 + -18. What is the tens digit of (-2)/q + (-338)/(-8)?
4
Suppose -3 = -3*x, 2*x + 26 = -z + 5*z. Let j = z + -5. Suppose -2*u + 5*c + 41 = -j, -5*u - 5*c + 20 = 0. What is the units digit of u?
9
Let x be 13/3*(-6 - -3). Let i = x + 21. What is the units digit of i?
8
Let l be -2*(-2)/(-4) - 0. Let n = -8 + l. What is the units digit of 2*(n/6)/(-1)?
3
What is the units digit of 33/22*(-1112)/(-6)?
8
Let t = 10 - 6. What is the units digit of t?
4
Suppose 2*h + 1 = -7, 0 = 3*k - 5*h + 10. What is the tens digit of k/(-15) - 116/(-6)?
2
Let g = -10 + 19. Let v be (-2 - 3/g)*3. Let k(o) = -o**3 - 7*o**2 + 1. What is the units digit of k(v)?
1
Let w be 76/(-20) - 1/5. Let v(c) = c**2 + 4*c + 2. What is the units digit of v(w)?
2
Let p(q) = -2*q + 1. Let j be p(-1). What is the units digit of j/(-2)*(-24)/9?
4
Suppose -4*r + 25 = r. Suppose 8*z - 90 = 3*z + 3*h, r*z - 4*h = 95. What is the tens digit of z?
1
Let w(b) = 7. Let f(t) = -t. Let g(d) = f(d) + w(d). What is the units digit of g(5)?
2
Suppose -598 + 30 = -4*f. What is the units digit of f/8 - 4/(-16)?
8
Let i be (-2)/5 - (-86)/(-10). Let w = 16 + i. What is the units digit of w?
7
Let q(x) = x**3 - 7*x**2 + 3*x - 6. What is the tens digit of q(7)?
1
Let f(s) = 3*s**2 + s**2 - 4*s - 3*s**2 + 1 - s. What is the units digit of f(6)?
7
Let m = 6 - 4. Suppose -m*b = b - 6. What is the units digit of b?
2
Let r = 6 - 10. What is the tens digit of 4/(-8) + (-118)/r?
2
Let h(u) = u**2 + 6*u - 15. What is the tens digit of h(-10)?
2
Let c(k) be the first derivative of -1 - 3*k**3 + 4*k + 1/4*k**4 + 1/2*k**2. What is the units digit of c(9)?
3
Let z(c) = 4*c**3 - 9*c**2 + 5*c. Let j(i) = 5*i**3 - 10*i**2 + 5*i + 1. Let p(q) = 3*j(q) - 4*z(q). What is the units digit of p(5)?
3
Let g be 0 + ((-12)/1)/(-4). Suppose -9 = -g*b - 0*b. What is the units digit of b?
3
Let v be (-2 + 1 + 1)/2. Suppose 3*s + v*s = -72. What is the units digit of s/(-9)*9/6?
4
Let s(w) = -3*w**2 + 6*w**2 - 7*w + 0 + 4. Let t be s(5). Suppose 3*j = x + 6 + 7, t = 4*j + 4*x. What is the units digit of j?
6
Let w be ((-36)/(-27))/((-2)/48). Let i = -2 - w. What is the units digit of i?
0
What is the units digit of 146 + -2 + (5 - 1)?
8
Suppose 4*j - 28 = 68. Suppose -4*z + z + j = 0. What is the units digit of z?
8
Let n be 1/3 - (-158)/(-6). Let b = 10 + n. Let t = 36 + b. What is the tens digit of t?
2
Let c = 51 - 30. What is the tens digit of (8/(-2))/((-6)/c)?
1
Let p = -43 + 28. Let i(m) = m + 34. What is the tens digit of i(p)?
1
Let r(z) = 2*z + 2. Let m(g) = 1. Let q(f) = -5*m(f) - r(f). What is the units digit of q(-5)?
3
Suppose 2*x - 8 - 7 = 3*a, 2*x + 2*a - 20 = 0. What is the units digit of x?
9
Let r(t) = -2*t - 12. Let w be r(-11). Suppose -m - y + w = 0, 2*m = -y - 2*y + 16. What is the tens digit of m?
1
Suppose 4*c + 5*v = -0*c + 4, 3*c - 4*v - 34 = 0. Let r = c + -6. Suppose r = 4*z + 8, -5*h + 4*z + 36 = -22. What is the tens digit of h?
1
Let n = -6 + 13. Suppose 0 = -g - 4 + n. Suppose 11 = g*t - 16. What is the units digit of t?
9
Let v be (6 - 3) + (-1 - 2). Suppose -4*p + 172 + 112 = v. Suppose b = 5*s - p, -2*s + 3*b + 11 = -7. What is the units digit of s?
5
Let r = 5 + -8. Let q(u) = -u**3 - u**2 + 2. What is the tens digit of q(r)?
2
What is the units digit of ((-2)/4)/((-6)/36)?
3
Let t = -6 + 10. Let h be (6 + 0)*60/9. Suppose y = -t*y + h. What is the units digit of y?
8
Let u(z) = -1 + 3*z**3 - z**3 + 3*z**3 - 6*z**3 + 4*z**2. What is the units digit of u(3)?
8
Suppose 64 = 2*h - 30. What is the units digit of h?
7
Let k be (-155)/10 + (-6)/(-4). What is the tens digit of -3 - k - 3*-1?
1
Let i(o) = o**3 - o**2 - 2*o - 1. Let f be (-10 - -12)*(-3)/(-2). What is the tens digit of i(f)?
1
Let v be 1/(-4) + (-17)/(-4). Let t = 9 - v. What is the units digit of t?
5
Let j be (-3)/(-9) + (-107)/(-3). Suppose -4*d = 0, 0*h - 3*d = -4*h + j. What is the units digit of h?
9
Suppose 7*r - 2*r - 115 = 0. Suppose -5*v = -r - 67. What is the units digit of v?
8
Suppose -12 + 0 = -3*p. Suppose 4*v + p*c = 0, -3*v - 2*c - 1 = -2*v. What is the units digit of v?
1
Let x be ((-6)/4)/(9/(-24)). Let q be 66/(-9)*(-30)/x. Suppose 4*g + 5*n + 22 - q = 0, 0 = -3*g + 5*n + 51. What is the tens digit of g?
1
Suppose -5*d = -c + 30, 2*c = 4*c - 2*d - 20. Suppose -n = -c*n + 4. What is the units digit of n?
1
Let h = 4 + -2. Suppose -g = 3*b, g = h*b + 17 - 2. Let m = 4 + g. What is the tens digit of m?
1
Let l be (-19)/(-7) + (-2)/(-7). Suppose -2*q = l*n - 52, 4*n + 24 = -0*q + 2*q. Suppose -2*x = i - 16, 7*i - q = 2*i + 2*x. What is the units digit of i?
6
Suppose -3*q + 4 = -2*q. Suppose -q = -4*a + 3*a. What is the units digit of a?
4
Let s(d) = 2*d - 3. Let u be s(2). Suppose u - 9 = -4*m. What is the units digit of m?
2
Suppose -67 = -2*f + 5*p, -2*f + 3*f = 3*p + 33. What is the units digit of f?
6
Let o be (0 + 1)*(6 + 8). Let c = 3 - 8. Let y = c + o. What is the units digit of y?
9
Let z be -2*(-1 - (-2)/4). What is the tens digit of (-26)/(-4)*2*z?
1
Suppose -6*d = -11*d - 35. Let m = -6 - d. What is the units digit of m?
1
Suppose -20 = 4*p - u, 2*p + u = -6 + 2. Suppose 1 - 13 = -3*r. Let t = r - p. What is the units digit of t?
8
Let c(f) = -3*f**2 + 4*f - 3. Let z be c(2). Suppose -43 = -3*y - 2*w, -4*y + 5*w - 3 = -2*y. Let b = z + y. What is the units digit of b?
4
Suppose 3*p = -0*p - 2*t + 790, 2*p - 2*t = 540. What is the hundreds digit of p?
2
Suppose -4*v = -68 + 12. Let z = v + -8. What is the units digit of z?
6
Let b(u) be the second derivative of -u**4/12 + 4*u**3/3 + 2*u**2 + u. What is the units digit of b(7)?
1
Let d(y) = 2*y**2 + 10*y + 21. What is the units digit of d(-7)?
9
Let u = -21 - -33. What is the tens digit of u?
1
Suppose 5*j = 4*p - 631 + 126, 0 = -p + j + 126. What is the tens digit of p?
2
Suppose -2*v = 4 - 0. Le